971.
3, 443, 2699
List the prime factors of 910296.
2, 3, 47, 269
List the prime factors of 372431.
53, 7027
What are the prime factors of 1000723?
1000723
List the prime factors of 233605.
5, 19, 2459
List the prime factors of 12542855.
5, 13, 17, 11351
What are the prime factors of 2930127?
3, 976709
What are the prime factors of 3947132?
2, 7, 29, 4861
What are the prime factors of 15818757?
3, 113, 46663
What are the prime factors of 2018265?
3, 5, 197, 683
What are the prime factors of 219235?
5, 163, 269
What are the prime factors of 369579?
3, 7, 17599
List the prime factors of 567854.
2, 7, 47, 863
What are the prime factors of 213911?
17, 12583
List the prime factors of 208741.
13, 16057
List the prime factors of 26041275.
3, 5, 13, 29, 307
What are the prime factors of 931636?
2, 283, 823
What are the prime factors of 2179957?
13, 61, 2749
List the prime factors of 809186.
2, 7, 23, 359
What are the prime factors of 29169?
3, 7, 463
List the prime factors of 9770457.
3, 601, 5419
What are the prime factors of 13325343?
3, 1103, 4027
List the prime factors of 7140436.
2, 1785109
What are the prime factors of 457152?
2, 3, 2381
What are the prime factors of 652433?
41, 15913
List the prime factors of 405993.
3, 7, 19333
What are the prime factors of 16573724?
2, 227, 18253
What are the prime factors of 516297?
3, 113, 1523
What are the prime factors of 3221322?
2, 3, 13, 41299
List the prime factors of 317817.
3, 79, 149
What are the prime factors of 11606345?
5, 37, 43, 1459
What are the prime factors of 6477008?
2, 331, 1223
What are the prime factors of 15566038?
2, 1031, 7549
What are the prime factors of 676988?
2, 13, 47, 277
What are the prime factors of 10589941?
31, 251, 1361
What are the prime factors of 586809?
3, 113, 577
List the prime factors of 529664.
2, 2069
List the prime factors of 340812.
2, 3, 9467
What are the prime factors of 590786?
2, 7, 19, 2221
What are the prime factors of 86044?
2, 7, 439
What are the prime factors of 1599?
3, 13, 41
What are the prime factors of 2774306?
2, 23, 41, 1471
List the prime factors of 145235.
5, 31, 937
List the prime factors of 8159700.
2, 3, 5, 59, 461
What are the prime factors of 237983?
17, 13999
What are the prime factors of 3595666?
2, 1797833
What are the prime factors of 252155?
5, 29, 37, 47
What are the prime factors of 63558?
2, 3, 11, 107
List the prime factors of 724932.
2, 3, 13, 1549
List the prime factors of 11738929.
11738929
List the prime factors of 527687.
19, 27773
What are the prime factors of 1201627?
7, 137, 179
List the prime factors of 642633.
3, 214211
List the prime factors of 7619295.
3, 5, 507953
List the prime factors of 13551379.
13551379
List the prime factors of 369283.
369283
List the prime factors of 245363.
131, 1873
What are the prime factors of 350775?
3, 5, 1559
What are the prime factors of 6182502?
2, 3, 1030417
List the prime factors of 944217.
3, 11657
What are the prime factors of 2182424?
2, 23, 29, 409
What are the prime factors of 6364159?
6364159
What are the prime factors of 676691?
43, 15737
List the prime factors of 679002.
2, 3, 113167
What are the prime factors of 49745?
5, 9949
What are the prime factors of 4495951?
19, 43, 5503
List the prime factors of 4240422.
2, 3, 37, 6367
What are the prime factors of 353041?
13, 2089
List the prime factors of 5209107.
3, 1736369
List the prime factors of 5923953.
3, 7, 19, 101
What are the prime factors of 124570?
2, 5, 12457
List the prime factors of 7157662.
2, 149, 24019
What are the prime factors of 14333743?
29, 494267
What are the prime factors of 81401?
81401
List the prime factors of 627430.
2, 5, 62743
What are the prime factors of 76538?
2, 7, 11, 71
What are the prime factors of 2766978?
2, 3, 347, 443
List the prime factors of 183421.
7, 26203
List the prime factors of 117683.
137, 859
List the prime factors of 542735.
5, 19, 29, 197
What are the prime factors of 13193?
79, 167
List the prime factors of 16308.
2, 3, 151
List the prime factors of 12074972.
2, 7, 13, 677
What are the prime factors of 251295?
3, 5, 11, 1523
List the prime factors of 274507.
277, 991
List the prime factors of 14909771.
14909771
List the prime factors of 151238.
2, 75619
What are the prime factors of 387625?
5, 7, 443
What are the prime factors of 189873?
3, 17, 73
What are the prime factors of 70538?
2, 13, 2713
What are the prime factors of 1998839?
1998839
List the prime factors of 351814.
2, 53, 3319
What are the prime factors of 332158?
2, 19, 8741
What are the prime factors of 1705339?
1705339
What are the prime factors of 1409773?
1409773
What are the prime factors of 1164925?
5, 17, 2741
List the prime factors of 277531.
277531
List the prime factors of 4829136.
2, 3, 13, 71, 109
List the prime factors of 559195.
5, 7, 13, 1229
List the prime factors of 784953.
3, 13, 6709
List the prime factors of 21891757.
21891757
What are the prime factors of 1077238?
2, 557, 967
List the prime factors of 2216643.
3, 11, 13, 5167
List the prime factors of 70899.
3, 23633
List the prime factors of 9726630.
2, 3, 5, 349, 929
What are the prime factors of 7246679?
11, 23, 28643
List the prime factors of 6486170.
2, 5, 648617
List the prime factors of 110606.
2, 29, 1907
What are the prime factors of 174157?
174157
List the prime factors of 315327.
3, 89, 1181
List the prime factors of 444067.
13, 34159
List the prime factors of 251458.
2, 59, 2131
What are the prime factors of 225174?
2, 3, 37529
List the prime factors of 2265771.
3, 755257
What are the prime factors of 29076361?
29076361
List the prime factors of 5706943.
11, 518813
List the prime factors of 631525.
5, 25261
List the prime factors of 497152.
2, 971
List the prime factors of 374313.
3, 124771
What are the prime factors of 1027938?
2, 3, 19, 71, 127
List the prime factors of 3842795.
5, 11, 109, 641
What are the prime factors of 305487?
3, 7, 13, 373
List the prime factors of 1816980.
2, 3, 5, 11, 2753
List the prime factors of 460887.
3, 7, 17, 1291
List the prime factors of 56495.
5, 11299
What are the prime factors of 823537?
11, 13, 443
What are the prime factors of 8305?
5, 11, 151
List the prime factors of 701861.
173, 4057
List the prime factors of 4095638.
2, 2047819
List the prime factors of 3306854.
2, 1653427
What are the prime factors of 280761?
3, 13, 23, 313
What are the prime factors of 267258?
2, 3, 44543
What are the prime factors of 177710?
2, 5, 13, 1367
List the prime factors of 13811152.
2, 863197
List the prime factors of 3562398.
2, 3, 7, 577
List the prime factors of 118362.
2, 3, 19727
What are the prime factors of 124526?
2, 19, 29, 113
What are the prime factors of 679872?
2, 3, 3541
List the prime factors of 1289477.
7, 184211
List the prime factors of 1239542.
2, 619771
What are the prime factors of 4581231?
3, 47, 32491
What are the prime factors of 1722079?
23, 74873
List the prime factors of 34047832.
2, 7, 13, 46769
What are the prime factors of 792551?
792551
List the prime factors of 1440148.
2, 360037
List the prime factors of 5980747.
5980747
What are the prime factors of 123955?
5, 13, 1907
List the prime factors of 215533.
23, 9371
What are the prime factors of 4575690?
2, 3, 5, 7, 269
List the prime factors of 420029.
420029
List the prime factors of 1730968.
2, 216371
List the prime factors of 243560.
2, 5, 6089
What are the prime factors of 745513?
37, 20149
What are the prime factors of 4283327?
601, 7127
List the prime factors of 1958006.
2, 73, 13411
List the prime factors of 23598.
2, 3, 19, 23
What are the prime factors of 4312?
2, 7, 11
What are the prime factors of 4132474?
2, 577, 3581
What are the prime factors of 184705?
5, 17, 41, 53
List the prime factors of 1786621.
1786621
What are the prime factors of 3825270?
2, 3, 5, 19, 2237
List the prime factors of 2837218.
2, 73, 19433
What are the prime factors of 624073?
659, 947
What are the prime factors of 864597?
3, 288199
What are the prime factors of 177099?
3, 13, 19, 239
What are the prime factors of 587133?
3, 89, 733
List the prime factors of 2031535.
5, 11, 43, 859
List the prime factors of 514470.
2, 3, 5, 11, 1559
List the prime factors of 2134433.
7, 101, 3019
List the prime factors of 24276929.
24276929
List the prime 